 Suppose v - w - 10 = s, 3*v + 3*w - 8 = 4. List the prime factors of v.
7
Suppose -n + 9 = -0. Suppose 6*i = n*i - 117. List the prime factors of i.
3, 13
Let a be (-1)/4 + 238/56. Suppose 0 = -3*v + p + 12, -p + a = -v + 2*p. Suppose 27 = 4*m + 7, 139 = 3*i + v*m. List the prime factors of i.
2, 19
Let g(s) = -s**3 + 8*s**2 - 8*s + 3. Let v be g(5). Let d = 25 + -20. Suppose -d*u = -v + 3. List the prime factors of u.
7
Let y(q) = q**3 - 9*q**2 - 10*q + 5. Let b be y(10). Suppose -b*d + 116 = 36. What are the prime factors of d?
2
Suppose 0 = -19*q + 8546 + 1505. List the prime factors of q.
23
Let q(f) = -f**2. Let o(n) = 3*n**2 - 18*n + 1. Let g(z) = o(z) + 4*q(z). What are the prime factors of g(-8)?
3
Let m(v) = v**2 + 10. Let u be m(0). Let g(z) = -z + 1. Let j(l) = -l**3 + 9*l**2 + 15*l - 15. Let f(r) = 2*g(r) + j(r). What are the prime factors of f(u)?
17
Let w be (-2)/(-6) + (-92)/(-12). What are the prime factors of ((-57)/12)/((-2)/w)?
19
Let p(u) = -u + 1. Let g(k) = -9*k + 16. Let s(o) = -g(o) + 6*p(o). List the prime factors of s(17).
41
Let b(m) = -m**2 + 28*m - 32. Let q(z) = 3*z**2 - 84*z + 95. Let d(n) = -11*b(n) - 4*q(n). List the prime factors of d(22).
2, 13
Let m be 112/(-18) - 4/(-18). Let l be 1*(m - -3) + -1. Let z(t) = -9*t + 7. List the prime factors of z(l).
43
Let m(p) = -p**3 + 17*p**2 - 15*p + 5. Let b = 30 - 14. What are the prime factors of m(b)?
3, 7
Let h = 2197 + -1039. List the prime factors of h.
2, 3, 193
Let i(q) = -9*q + 2. Let k(j) = j + 1. Let g(y) = -i(y) - 4*k(y). Suppose 75 = 5*z - 2*t + 22, 2*z + 2*t = 24. What are the prime factors of g(z)?
7
Suppose 0*h = 3*h - 855. What are the prime factors of h?
3, 5, 19
What are the prime factors of 87 - 5*(-24)/20?
3, 31
Let k = 47 - 38. Let j(b) = b**3 - 8*b**2 - 2*b - 12. List the prime factors of j(k).
3, 17
Suppose -94 - 12 = t - j, 0 = t - 4*j + 121. Let g = -26 - t. List the prime factors of g.
3, 5
Suppose p - 52 = -45. What are the prime factors of p/((-7)/(-50)) + 0/2?
2, 5
Let x(h) = -h**2 - 3*h - 2. Let y be x(-1). Let o = 7 + -2. Suppose 0 = -o*j - y*j + 3*f, f = 4*j - 7. List the prime factors of j.
3
Suppose -2*b + 11*d - 16*d = -4956, 3*b = -5*d + 7429. What are the prime factors of b?
2473
Suppose 2 + 4 = -s - l, 0 = -3*s - l - 16. List the prime factors of -5 + 5 + s/(5/(-2)).
2
Let b = 257 - 150. Suppose -5*z + b = -383. What are the prime factors of z?
2, 7
Let c = -520 + 1514. List the prime factors of c.
2, 7, 71
Let l(f) = -7*f**3 + 4*f**2 - 3*f - 1. Let c be l(-5). List the prime factors of c/7 + 6/(-21).
3, 47
Let m(p) = p**3 - 15*p**2 - 65*p - 14. Let r be m(19). Let t = -131 + r. What are the prime factors of t?
2
Suppose 3052 = 2*p + 2*p + 2*o, -749 = -p + 3*o. What are the prime factors of p?
761
Let m = -48 - -69. What are the prime factors of (34/51)/(2/m)?
7
Suppose 2*w - 1212 = 6*y - 2*y, 0 = w - 3*y - 603. What are the prime factors of w?
2, 3, 17
Let t(p) = -p**2 + 2*p - 2. Let v be t(4). Suppose -3*r + 48 = -6*r. What are the prime factors of v*-2*(-12)/r?
3, 5
List the prime factors of ((-20)/(-8))/(-5)*(-2 + -2304).
1153
Let i be (2 - -7)*((-18)/(-6))/3. Let z(u) = u**3 - 6*u**2 + 2*u - 9. List the prime factors of z(i).
2, 3, 7
Suppose 13*c - 301 = 50. What are the prime factors of c?
3
Let g(b) = -9*b**2 + 22*b - 19. Let r(p) = -3*p**2 + 7*p - 6. Let n(m) = 2*g(m) - 7*r(m). List the prime factors of n(5).
2, 3
Let n(i) = -i**3 + 2*i**2 + 2*i - 1. Let p be n(2). Suppose 0 = 5*v - p*v - 8. List the prime factors of 1/(((-4)/(-25))/v).
5
Let y be 9*(1 + 8/(-12)). Suppose 0*w - y*w = -108. Let p = w - 20. List the prime factors of p.
2
Suppose -62*r + 205386 = 51688. What are the prime factors of r?
37, 67
Suppose 0 = u + 2*u - 192. Suppose 2*i = 2*f - u, 0 = 5*f + i - 14 - 170. Let b = f - 22. What are the prime factors of b?
2, 7
Suppose 4*h - 6 = -6*f + 4*f, 5*h + f = 3. Suppose x = 2, 5*d - 4*x - 611 + 64 = h. List the prime factors of d.
3, 37
Let o = 1525 + -1074. Let q = o - 295. List the prime factors of q.
2, 3, 13
Let a(m) = 42*m - 171. What are the prime factors of a(32)?
3, 17, 23
Let u be -22*-3*1/6. Suppose -w + u = -12. List the prime factors of w.
23
Suppose 3*p = -3, 6*f = 2*f + 4*p + 84. Suppose 3*r = 7*r - f. Suppose 5*b - r*n + 3*n - 77 = 0, 2 = -2*n. What are the prime factors of b?
3, 5
Let y(x) = -262*x - 1. Let l be y(2). What are the prime factors of 1*5*l/(-125)?
3, 7
Let d = 378 - 170. List the prime factors of d.
2, 13
Let x be (-20 - -4)*(-6)/8. Let y(f) = f**3 - 13*f**2 + 18*f + 6. Let d(h) = -h + 1. Let n(z) = 5*d(z) + y(z). What are the prime factors of n(x)?
23
Let n(z) = 3*z**3 + 3*z**2 - 5*z - 3. Let y(f) = -f**2 + 5*f - 3. Let i be y(3). List the prime factors of n(i).
2, 3, 5
Suppose 3*h - h = -3*t - 145, 5*t + 5*h + 235 = 0. Let c = -2 - t. List the prime factors of c.
7
Suppose -2*g + g + q + 273 = 0, q = -5*g + 1383. List the prime factors of g.
2, 3, 23
Suppose m = -3*m. List the prime factors of 44 - 3*(-1 - m).
47
Suppose -q + 2*d = -12, 2*q - 3*d - 36 = -q. Let s = q + 6. List the prime factors of ((-46)/(-3))/(12/s).
23
Let q(u) = 6*u. Let g be q(-2). Suppose -2*y + y = 5*p - 27, -43 = -y - p. Let m = g + y. List the prime factors of m.
5, 7
Suppose 0 = c + 26 - 46. Let p = c + 228. List the prime factors of p.
2, 31
Suppose 11*k = 7998 - 2146. List the prime factors of k.
2, 7, 19
Let a(m) = -m**3 - 4*m**2 + m - 4. Let i be a(-6). Suppose 4*h - 5*s = i, 2*h + h = 3*s + 45. List the prime factors of h.
13
Let d = 23 + -27. Let q(c) = c**3 + 4*c**2 - 2*c - 5. What are the prime factors of q(d)?
3
Suppose 4*f + 103 = 5*l - 8, 5*l - 2*f = 113. Let y = l + -16. Suppose -y*o + 2*o = -130. What are the prime factors of o?
2, 13
What are the prime factors of 13/(130/820) - -2?
2, 3, 7
Let r(s) = s**2 - s + 30. Let y(b) = -4*b + 12. Let i be y(5). What are the prime factors of r(i)?
2, 3, 17
Let w = -3 + 4. Suppose w = -l - 1. List the prime factors of (35/28)/(l/(-48)).
2, 3, 5
Let j(v) = 129*v**2 - 4. What are the prime factors of j(-2)?
2
Let s(a) = -2*a**3 - 5*a**2 - 3*a. Let u be s(-4). Let v = -6 + u. List the prime factors of v.
2, 3
Let x = 37 + -37. Suppose 5*n - 985 = -x*n. What are the prime factors of n?
197
Let z(f) = 2*f + 11. Let b be z(0). Suppose -6 = -3*d + 2*q + 1, -2*q = 3*d - b. What are the prime factors of d?
3
Let w(j) = 22*j + 3. Let m be w(9). Let k = m - 144. Let n = -7 + k. List the prime factors of n.
2, 5
Let s be (2/(-4))/((-2)/708). Let f be 27/36 + s/4. Let h = -15 + f. List the prime factors of h.
2, 3, 5
Let v = -134 - -137. Suppose d - v*b - 352 = -d, d - 162 = -2*b. List the prime factors of d.
2, 5, 17
Suppose -r = -2*r + 8. List the prime factors of 538/6 + (-4)/(-96)*r.
2, 3, 5
Let x = 9 + -1. Let r(i) = -i**3 + 8*i**2 + 2*i - 11. Let m be r(x). Suppose 0 = m*p - 22 - 78. What are the prime factors of p?
2, 5
Suppose 4*j = -j + 15. Suppose -j*p = -5*d + 37, -d + 9 = -0*d + p. Suppose -d*m = -4*m - 36. What are the prime factors of m?
3
Let w be 2 + (-8 - (-10)/2 - -3). Let k be (1*-55)/(2/(-6)). Suppose k = 2*i + w*i + 3*z, 2*i + 3*z = 81. List the prime factors of i.
2, 3, 7
Let n = 342 - -57. Let a = -270 + n. What are the prime factors of a?
3, 43
Suppose -49 = 11*r + 39. Let q be 1 + 0 + (-30)/(-2). Let o = r + q. What are the prime factors of o?
2
Suppose 0 = 3*t - p - 7592, 12279 = 5*t + 2*p - 356. Suppose 7*r - t = -2*r. List the prime factors of r.
281
Let q(w) = -w**3 - 24*w**2 + 22*w + 44. List the prime factors of q(-25).
7, 17
Let c(z) = 63*z**2 - z. Let d = 69 - 70. List the prime factors of c(d).
2
Let u(z) = 15*z**2 - 3*z + 1. Let w be u(1). What are the prime factors of w - (-5)/((-5)/(-2))?
3, 5
Suppose 2*c = -5*k + 13, 5*c + 17 = 2*k + 2*k. What are the prime factors of 70 + k + 1 + 4?
2, 3, 13
Suppose -2*j - 385 - 83 = -m, -2*j = 4*m - 1852. List the prime factors of m.
2, 29
Let v = 24 + -8. Suppose -14 = -3*m + v. List the prime factors of 7 + -1 + (-10)/m.
5
Let c be (-1)/1 - (-5 - -4). Suppose -3*l + 5*f - f + 74 = c, -3*f = 2*l - 72. List the prime factors of l.
2, 3, 5
Let b(k) = -2 - 15 - 6*k + 2*k + 4. Let o be b(-10). Suppose -2*h + o = -19. What are the prime factors of h?
23
Let o = 163 + -96. Suppose -o + 561 =